te the remainder when 2573 is divided by 92.
89
Calculate the remainder when 398 is divided by 40.
38
What is the remainder when 230 is divided by 4?
2
What is the remainder when 297 is divided by 3?
0
Calculate the remainder when 30 is divided by 24.
6
Calculate the remainder when 1631 is divided by 532.
35
Calculate the remainder when 122 is divided by 33.
23
Calculate the remainder when 413 is divided by 13.
10
What is the remainder when 236 is divided by 60?
56
Calculate the remainder when 4849 is divided by 147.
145
Calculate the remainder when 845 is divided by 206.
21
What is the remainder when 1458 is divided by 81?
0
Calculate the remainder when 753 is divided by 18.
15
What is the remainder when 60 is divided by 31?
29
Calculate the remainder when 270 is divided by 7.
4
What is the remainder when 13133 is divided by 11?
10
What is the remainder when 1831 is divided by 229?
228
What is the remainder when 412 is divided by 260?
152
What is the remainder when 214 is divided by 76?
62
What is the remainder when 248 is divided by 63?
59
Calculate the remainder when 537 is divided by 531.
6
Calculate the remainder when 8396 is divided by 17.
15
What is the remainder when 173 is divided by 6?
5
Calculate the remainder when 908 is divided by 450.
8
Calculate the remainder when 1315 is divided by 49.
41
What is the remainder when 2683 is divided by 39?
31
Calculate the remainder when 866 is divided by 259.
89
What is the remainder when 15702 is divided by 45?
42
Calculate the remainder when 2238 is divided by 225.
213
Calculate the remainder when 5766 is divided by 822.
12
Calculate the remainder when 306 is divided by 88.
42
Calculate the remainder when 133 is divided by 39.
16
What is the remainder when 201 is divided by 13?
6
Calculate the remainder when 61 is divided by 3.
1
Calculate the remainder when 175 is divided by 21.
7
Calculate the remainder when 47 is divided by 7.
5
What is the remainder when 158 is divided by 5?
3
Calculate the remainder when 28 is divided by 10.
8
Calculate the remainder when 310 is divided by 120.
70
Calculate the remainder when 1148 is divided by 50.
48
Calculate the remainder when 66 is divided by 43.
23
Calculate the remainder when 2581 is divided by 369.
367
Calculate the remainder when 525 is divided by 19.
12
What is the remainder when 36 is divided by 12?
0
Calculate the remainder when 167 is divided by 34.
31
What is the remainder when 89 is divided by 74?
15
What is the remainder when 5720 is divided by 33?
11
What is the remainder when 181 is divided by 6?
1
Calculate the remainder when 110 is divided by 93.
17
Calculate the remainder when 280 is divided by 90.
10
What is the remainder when 679 is divided by 34?
33
What is the remainder when 1224 is divided by 248?
232
Calculate the remainder when 2154 is divided by 46.
38
Calculate the remainder when 238 is divided by 40.
38
What is the remainder when 153 is divided by 115?
38
What is the remainder when 88 is divided by 45?
43
What is the remainder when 1672 is divided by 24?
16
Calculate the remainder when 80 is divided by 44.
36
Calculate the remainder when 271 is divided by 34.
33
What is the remainder when 257 is divided by 37?
35
What is the remainder when 1495 is divided by 17?
16
Calculate the remainder when 3156 is divided by 95.
21
Calculate the remainder when 12178 is divided by 29.
27
Calculate the remainder when 10 is divided by 1.
0
Calculate the remainder when 444 is divided by 70.
24
Calculate the remainder when 94 is divided by 33.
28
Calculate the remainder when 2150 is divided by 63.
8
Calculate the remainder when 214 is divided by 18.
16
What is the remainder when 1920 is divided by 64?
0
What is the remainder when 243 is divided by 68?
39
Calculate the remainder when 380 is divided by 65.
55
What is the remainder when 6096 is divided by 21?
6
What is the remainder when 1204 is divided by 152?
140
What is the remainder when 10393 is divided by 23?
20
Calculate the remainder when 164 is divided by 24.
20
What is the remainder when 607 is divided by 140?
47
What is the remainder when 184 is divided by 165?
19
Calculate the remainder when 431 is divided by 39.
2
Calculate the remainder when 403 is divided by 34.
29
What is the remainder when 132 is divided by 33?
0
What is the remainder when 1221 is divided by 245?
241
Calculate the remainder when 102 is divided by 65.
37
Calculate the remainder when 499 is divided by 144.
67
Calculate the remainder when 2007 is divided by 8.
7
Calculate the remainder when 10844 is divided by 3614.
2
Calculate the remainder when 337 is divided by 57.
52
Calculate the remainder when 14666 is divided by 15.
11
What is the remainder when 347 is divided by 7?
4
Calculate the remainder when 257 is divided by 43.
42
What is the remainder when 985 is divided by 38?
35
What is the remainder when 3892 is divided by 971?
8
What is the remainder when 236 is divided by 60?
56
Calculate the remainder when 317 is divided by 53.
52
Calculate the remainder when 6982 is divided by 12.
10
What is the remainder when 75 is divided by 32?
11
Calculate the remainder when 229 is divided by 57.
1
What is the remainder when 261 is divided by 134?
127
Calculate the remainder when 94 is divided by 26.
16
What is the remainder when 533 is divided by 72?
29
Calculate the remainder when 240 is divided by 41.
35
Calculate the remainder when 294 is divided by 51.
39
Calculate the remainder when 2842 is divided by 18.
16
What is the remainder when 469 is divided by 33?
7
Calculate the remainder when 3743 is divided by 117.
116
Calculate the remainder when 1492 is divided by 148.
12
Calculate the remainder when 599 is divided by 534.
65
Calculate the remainder when 1665 is divided by 119.
118
Calculate the remainder when 118 is divided by 65.
53
Calculate the remainder when 180 is divided by 61.
58
Calculate the remainder when 4491 is divided by 2243.
5
Calculate the remainder when 167 is divided by 43.
38
Calculate the remainder when 1309 is divided by 465.
379
Calculate the remainder when 901 is divided by 22.
21
Calculate the remainder when 767 is divided by 367.
33
Calculate the remainder when 151 is divided by 46.
13
What is the remainder when 218 is divided by 32?
26
What is the remainder when 469 is divided by 223?
23
What is the remainder when 86 is divided by 22?
20
What is the remainder when 845 is divided by 11?
9
What is the remainder when 143 is divided by 24?
23
What is the remainder when 19 is divided by 17?
2
Calculate the remainder when 88 is divided by 67.
21
Calculate the remainder when 437 is divided by 63.
59
What is the remainder when 1042 is divided by 37?
6
What is the remainder when 1223 is divided by 123?
116
Calculate the remainder when 183 is divided by 146.
37
What is the remainder when 379 is divided by 24?
19
Calculate the remainder when 815 is divided by 39.
35
Calculate the remainder when 1529 is divided by 15.
14
Calculate the remainder when 41 is divided by 6.
5
Calculate the remainder when 40 is divided by 29.
11
What is the remainder when 585 is divided by 49?
46
What is the remainder when 2185 is divided by 727?
4
What is the remainder when 2492 is divided by 96?
92
What is the remainder when 599 is divided by 43?
40
What is the remainder when 24 is divided by 19?
5
What is the remainder when 84 is divided by 16?
4
What is the remainder when 1332 is divided by 167?
163
Calculate the remainder when 2198 is divided by 2180.
18
What is the remainder when 143 is divided by 49?
45
Calculate the remainder when 2048 is divided by 108.
104
Calculate the remainder when 863 is divided by 29.
22
Calculate the remainder when 484 is divided by 96.
4
Calculate the remainder when 3769 is divided by 23.
20
Calculate the remainder when 705 is divided by 221.
42
Calculate the remainder when 2640 is divided by 1304.
32
What is the remainder when 2220 is divided by 36?
24
Calculate the remainder when 484 is divided by 83.
69
Calculate the remainder when 1405 is divided by 66.
19
Calculate the remainder when 1085 is divided by 180.
5
Calculate the remainder when 317 is divided by 40.
37
What is the remainder when 2185 is divided by 27?
25
What is the remainder when 172 is divided by 7?
4
What is the remainder 